{"id":1010,"date":"2022-04-10T15:10:38","date_gmt":"2022-04-10T13:10:38","guid":{"rendered":"https:\/\/lamaisonduveloancelle.fr\/?page_id=1010"},"modified":"2022-04-10T15:10:39","modified_gmt":"2022-04-10T13:10:39","slug":"garantie-casse-et-vol","status":"publish","type":"page","link":"https:\/\/lamaisonduveloancelle.fr\/?page_id=1010","title":{"rendered":"Garantie Casse et Vol"},"content":{"rendered":"\n<p>Si la garantie casse\/vol a \u00e9t\u00e9 souscrite, vous \u00eates prot\u00e9g\u00e9 contre la casse, qu\u2019elle soit partielle ou totale, le vol par agression, par effraction ou lorsque le v\u00e9lo est attach\u00e9 \u00e0 un point fixe. Une franchise de 10% de la facture de r\u00e9paration avec un minimum de 10\u20ac restera \u00e0 votre charge en cas de casse et une franchise de 10% de la valeur du cycle restera \u00e0 votre charge en cas de casse irr\u00e9parable ou de vol. Pour plus de d\u00e9tails, merci de vous r\u00e9f\u00e9rer aux d\u00e9tails des garanties sur notre site internet ou en magasin.<\/p>\n\n\n\n<h2 class=\"wp-block-heading\"><a><\/a>D\u00e9finitions<\/h2>\n\n\n\n<p><strong>Accident<\/strong> : Tout \u00e9v\u00e9nement soudain, impr\u00e9visible et r\u00e9sultant d\u2019une cause ext\u00e9rieure au Bien garanti, provoqu\u00e9 ou non par l&rsquo;utilisateur, et subi par le Bien garanti.<br><strong>Antivol approuv\u00e9<\/strong> : Antivol fourni par La Maison du V\u00e9lo Ancelle.<br><strong>Bien garanti :<\/strong> Le v\u00e9lo lou\u00e9 dont les r\u00e9f\u00e9rences figurent sur le Contrat de location. <strong>Casse<\/strong> : le risque de Dommage mat\u00e9riel alt\u00e9rant le Bien garanti. La Casse peut \u00eatre partielle (lorsque le Bien garanti est r\u00e9parable) ou totale (lorsque le Bien garanti est irr\u00e9parable).<br><strong>Client :<\/strong> Toute personne louant un v\u00e9lo aupr\u00e8s de La Maison du V\u00e9lo Ancelle.<br><strong>Dommage mat\u00e9riel accidentel<\/strong> : Toute destruction, d\u00e9t\u00e9rioration totale ou partielle, ext\u00e9rieurement visible, nuisant \u00e0 l\u2019utilisation \u2013 conforme aux normes du constructeur &#8211; du Bien garanti et provoqu\u00e9e par un Accident.<br><strong>Garantie<\/strong> : Les garanties relatives au Contrat \u00e0 savoir la Casse et le Vol.<br><strong>N\u00e9gligence<\/strong> : D\u00e9faut de pr\u00e9caution ou de prudence, intentionnel ou pas, qui est \u00e0 l\u2019origine du Sinistre ou en a facilit\u00e9 sa survenance.<br><strong>Ph\u00e9nom\u00e8ne de catastrophe naturelle<\/strong> : Le ph\u00e9nom\u00e8ne caus\u00e9 par l\u2019intensit\u00e9 anormale d\u2019un agent naturel (tel que notamment : inondation, glissement de terrain, coul\u00e9e de boue, s\u00e9cheresse, tremblement de terre&#8230;). Le ph\u00e9nom\u00e8ne de catastrophe naturelle doit \u00eatre au pr\u00e9alable constat\u00e9 par Arr\u00eat\u00e9 interminist\u00e9riel pour ouvrir droit \u00e0 indemnisation, au sens du Contrat.<br><strong>Point d\u2019attache fixe<\/strong> : Partie fixe, immobile et fig\u00e9e, en pierre, m\u00e9tal ou bois, solidaire d\u2019un mur plein ou du sol, et \u00e0 laquelle le Bien garanti ne peut pas se d\u00e9tacher m\u00eame par soul\u00e8vement ou arrachement.<br><strong>Sinistre<\/strong> : \u00c9v\u00e9nement susceptible de mettre en \u0153uvre la Garantie.<br><strong>Tiers<\/strong> : Toute personne physique autre que le Client, son conjoint ou son concubin, son partenaire de PACS, ses ascendants ou ses descendants.<br><strong>Usure<\/strong> : D\u00e9t\u00e9rioration progressive du Bien garanti du fait de l\u2019usage conforme aux instructions d\u2019utilisation ou d\u2019entretien du constructeur, qui en est fait.<br><strong>Valeur du Bien<\/strong> : La Valeur d&rsquo;achat HT, du Bien garanti<br><strong>Vol<\/strong> : D\u00e9possession frauduleuse par un Tiers du Bien garantie soit par agression soit par effraction.<br><strong>Vol par agression :<\/strong> le Vol au moyen de menaces ou violences exerc\u00e9es par un Tiers ; <strong>Vol par effraction<\/strong> : le Vol par le forcement ou la destruction :<br>&#8211; de tout dispositif de fermeture d\u2019un local immobilier construit en dur, clos et couvert, d\u2019une habitation, d\u2019un v\u00e9hicule,<br>&#8211; ou, en ext\u00e9rieur, d\u2019un Antivol approuv\u00e9 reliant le Bien garanti \u00e0 un Point d\u2019attache fixe.<\/p>\n\n\n\n<h2 class=\"wp-block-heading\"><a><\/a>1. Objet et limites de la Garantie<\/h2>\n\n\n\n<p>Les Sinistres survenus aux Biens garantis sont couverts sous r\u00e9serve des exclusions, des limites de la Garantie ainsi que du respect des d\u00e9lais de d\u00e9claration et des formalit\u00e9s pr\u00e9vues par le pr\u00e9sent Contrat.<\/p>\n\n\n\n<h3 class=\"wp-block-heading\"><a><\/a>1.1 L&rsquo;objet de la Garantie<\/h3>\n\n\n\n<p>En cas de Casse, le Bien garanti sera r\u00e9par\u00e9 ou, s\u2019il est irr\u00e9parable (le co\u00fbt de la r\u00e9paration est sup\u00e9rieur \u00e0 la Valeur du Bien), le Bien sera rembours\u00e9 dans les limites d\u00e9finies \u00e0 l&rsquo;article 1.2 et les conditions d\u00e9finies \u00e0 l\u2019article 4 du pr\u00e9sent Contrat.<\/p>\n\n\n\n<p>En cas de Vol, le Bien garanti sera rembours\u00e9 dans les limites d\u00e9finies \u00e0 l&rsquo;article 1.2 et les conditions d\u00e9finies \u00e0 l\u2019article 4 du pr\u00e9sent Contrat.<\/p>\n\n\n\n<h3 class=\"wp-block-heading\"><a><\/a>1.2 Limites de la Garantie<\/h3>\n\n\n\n<p>Pendant la dur\u00e9e du contrat de location, est couvert :<\/p>\n\n\n\n<p><strong>En cas de casse :<\/strong> 1 (un) Sinistre unique par Bien garanti dans la limite de la facture HT de r\u00e9paration (qui ne peut exc\u00e9der la Valeur du bien) d\u00e9duction faite d&rsquo;une franchise de 10 % et d\u2019un minimum de 10 \u20ac.<\/p>\n\n\n\n<p><strong>En cas de vol :<\/strong> 1 (un) Sinistre unique par Bien garanti dans la limite de la Valeur du Bien d\u00e9duction faite d&rsquo;une franchise de 10 %.<\/p>\n\n\n\n<h2 class=\"wp-block-heading\"><a><\/a>2. Exclusions<\/h2>\n\n\n\n<h3 class=\"wp-block-heading\"><a><\/a>2.1 Exclusions communes<\/h3>\n\n\n\n<p><strong>Sont exclus dans tous les cas :<\/strong><\/p>\n\n\n\n<ul class=\"wp-block-list\"><li>les Sinistres li\u00e9s \u00e0 des usages professionnels de transport de personnes ou de marchandises ;<\/li><li>le fait intentionnel ou dolosif de toute autre personne qu&rsquo;un Tiers ;<\/li><li>Les dommages et vols survenus en l\u2019absence d\u2019al\u00e9a ;<\/li><li>Les pr\u00e9judices ou pertes indirectes subis par le Client pendant ou suite \u00e0 un Sinistre ;<\/li><li>Les Sinistres relevant de la N\u00e9gligence ;<\/li><li>La responsabilit\u00e9 civile du Client ;<\/li><li>Les accessoires non fixes d&rsquo;origine (compteur, syst\u00e8me d\u2019\u00e9clairage, pompe \u00e0 v\u00e9lo, bidon d\u2019eau et sacoches) ;<\/li><li>Faits de guerre ou de guerre civile, \u00e9meutes, troubles int\u00e9rieurs, actes de violence pour des motifs politiques, attentats ou actes terroristes, gr\u00e8ves, expropriations ou interventions assimilables \u00e0 une expropriation, saisies, catastrophes naturelles ou de l\u2019\u00e9nergie nucl\u00e9aire.<\/li><\/ul>\n\n\n\n<h3 class=\"wp-block-heading\"><a><\/a>2.2 Exclusions propres au Vol<\/h3>\n\n\n\n<p>Sont exclus de la Garantie Vol :<\/p>\n\n\n\n<ul class=\"wp-block-list\"><li>Le Vol autre que le Vol par agression ou effraction ;<\/li><li>Le Vol par effraction sur la voie publique du Bien <strong>non attach\u00e9<\/strong> par un Antivol \u00e0 un point d\u2019Attache fixe ;<\/li><li>Le vol des batteries de v\u00e9los \u00e9lectriques non munies d&rsquo;un syst\u00e8me antivol int\u00e9gr\u00e9 au cadre du v\u00e9lo et mont\u00e9 en s\u00e9rie par le constructeur.<\/li><\/ul>\n\n\n\n<h3 class=\"wp-block-heading\"><a><\/a>2.3 Exclusions propres \u00e0 la Casse<\/h3>\n\n\n\n<p>Sont exclu de la Garantie Casse :<\/p>\n\n\n\n<ul class=\"wp-block-list\"><li>Tout Dommage r\u00e9sultant d\u2019une modification ou transformation du Bien ;<\/li><li>Tout Dommage li\u00e9 \u00e0 l\u2019usure ;<\/li><li>Tout Dommage cons\u00e9cutif \u00e0 un incendie, un ph\u00e9nom\u00e8ne de catastrophe naturelle, la chute de la foudre, ou au gel ;<\/li><li>Tout dommage li\u00e9 \u00e0 la panne de la batterie des v\u00e9los \u00e9lectriques ;<\/li><li>Tout Dommage r\u00e9sultant de l\u2019effet prolong\u00e9 de l\u2019utilisation (oxydation, corrosion, incrustation de rouille, encrassement, entartrement) ;<\/li><li>Les Dommages survenus au cours d\u2019\u00e9preuves, courses, comp\u00e9titions ;<\/li><li>Tout Dommage relevant d\u2019une des garanties l\u00e9gales incombant au constructeur ou au distributeur ;<\/li><li>Tout Dommage r\u00e9sultant du non-respect des instructions d\u2019utilisation et d\u2019entretien figurant dans la notice constructeur ;<\/li><li>Les Dommages d\u2019ordre esth\u00e9tique, de d\u00e9coloration, de piq\u00fbres, de t\u00e2ches, de rayures, d\u2019\u00e9br\u00e9chures, d\u2019\u00e9caillements, de bosselures, de gonflements ou de graffitis ;<\/li><li>Les frais de devis ou de r\u00e9paration engag\u00e9s par le Client sans l\u2019accord de La Maison du V\u00e9lo Ancelle.<\/li><\/ul>\n\n\n\n<h2 class=\"wp-block-heading\"><a><\/a>3. D\u00e9claration du Sinistre et pi\u00e8ces justificatives<\/h2>\n\n\n\n<h3 class=\"wp-block-heading\"><a><\/a>3.1 Comment d\u00e9clarer un sinistre<\/h3>\n\n\n\n<p>D\u00e8s qu&rsquo;il a connaissance d&rsquo;un Sinistre, le Client doit le d\u00e9clarer au plus tard :<\/p>\n\n\n\n<ul class=\"wp-block-list\"><li>Pour la Garantie Casse, dans les 5 jours ouvr\u00e9s (sauf cas fortuit ou de force majeure) ;<\/li><li>Pour la Garantie Vol, dans les 2 jours ouvr\u00e9s. La d\u00e9claration de sinistre s\u2019effectue aupr\u00e8s du loueur.<\/li><\/ul>\n\n\n\n<h3 class=\"wp-block-heading\"><a><\/a>3.2 Quelles pi\u00e8ces justificatives fournir ?<\/h3>\n\n\n\n<p>Le Client devra fournir \u00e0 La Maison du V\u00e9lo Ancelle :<\/p>\n\n\n\n<p><strong>Dans tous les cas :<\/strong><\/p>\n\n\n\n<ul class=\"wp-block-list\"><li>une d\u00e9claration sur l\u2019honneur relatant les circonstances exactes et d\u00e9taill\u00e9es du Sinistre (notamment date, heure et lieu du Sinistre) ;<\/li><\/ul>\n\n\n\n<p><strong>En cas de Vol :<\/strong><\/p>\n\n\n\n<ul class=\"wp-block-list\"><li>une copie du proc\u00e8s-verbal de police sur lequel doivent \u00eatre mentionn\u00e9es les circonstances du Vol ainsi que les r\u00e9f\u00e9rences du Bien (mod\u00e8le\/marque) ;<\/li><\/ul>\n\n\n\n<p>Le Client devra :<\/p>\n\n\n\n<p><strong>En cas de vol sur la voie publique :<\/strong><\/p>\n\n\n\n<ul class=\"wp-block-list\"><li>Fournir les cl\u00e9s de l\u2019antivol fourni par La Maison du V\u00e9lo Ancelle.<\/li><\/ul>\n\n\n\n<p>Par ailleurs, le Client devra fournir \u00e0 La Maison du V\u00e9lo Ancelle tout document que son assurance Tulip estime n\u00e9cessaire pour appr\u00e9cier le bien-fond\u00e9 de sa demande d&rsquo;indemnisation ;<\/p>\n\n\n\n<h2 class=\"wp-block-heading\"><a><\/a>4. Modalit\u00e9s d&rsquo;indemnisation<\/h2>\n\n\n\n<p>Le sinistre sera pris en charge si toutes les pi\u00e8ces justificatives pr\u00e9sentes dans l&rsquo;article 3.2 ont bien \u00e9t\u00e9 re\u00e7ues et valid\u00e9es par La Maison du V\u00e9lo Ancelle. Dans le cas contraire La Maison du V\u00e9lo Ancelle se donne le droit de ne pas prendre en charge le sinistre du Client et de le pr\u00e9lever de la somme due.<\/p>\n\n\n\n<h2 class=\"wp-block-heading\"><a><\/a>5. Dispositions diverses<\/h2>\n\n\n\n<p><strong>Territorialit\u00e9<\/strong> : La Garantie est acquise au Client pour les Sinistres survenant en France m\u00e9tropolitaine.<\/p>\n\n\n\n<p><strong>Fausse d\u00e9claration<\/strong> : Toute fausse d\u00e9claration faite par le Client \u00e0 l&rsquo;occasion d&rsquo;un Sinistre l&rsquo;expose, si sa mauvaise foi est prouv\u00e9e, \u00e0 la nullit\u00e9 de son contrat et donc \u00e0 la perte de son droit \u00e0 la Garantie.<\/p>\n","protected":false},"excerpt":{"rendered":"<p>Si la garantie casse\/vol a \u00e9t\u00e9 souscrite, vous \u00eates prot\u00e9g\u00e9 contre la casse, qu\u2019elle soit partielle ou totale, le vol par agression, par effraction ou lorsque le v\u00e9lo est attach\u00e9 \u00e0 un point fixe. Une franchise de 10% de la facture de r\u00e9paration avec un minimum de 10\u20ac restera \u00e0 votre charge en cas de &hellip; <\/p>\n","protected":false},"author":1,"featured_media":0,"parent":0,"menu_order":0,"comment_status":"closed","ping_status":"closed","template":"","meta":{"_monsterinsights_skip_tracking":false,"_monsterinsights_sitenote_active":false,"_monsterinsights_sitenote_note":"","_monsterinsights_sitenote_category":0,"_uf_show_specific_survey":0,"_uf_disable_surveys":false,"footnotes":""},"class_list":["post-1010","page","type-page","status-publish","hentry"],"yoast_head":"<!-- This site is optimized with the Yoast SEO plugin v26.8 - https:\/\/yoast.com\/product\/yoast-seo-wordpress\/ -->\n<title>Garantie Casse et Vol - La Maison du V\u00e9lo Ancelle<\/title>\n<meta name=\"robots\" content=\"index, follow, max-snippet:-1, max-image-preview:large, max-video-preview:-1\" \/>\n<link rel=\"canonical\" href=\"https:\/\/lamaisonduveloancelle.fr\/?page_id=1010\" \/>\n<meta property=\"og:locale\" content=\"fr_FR\" \/>\n<meta property=\"og:type\" content=\"article\" \/>\n<meta property=\"og:title\" content=\"Garantie Casse et Vol - La Maison du V\u00e9lo Ancelle\" \/>\n<meta property=\"og:description\" content=\"Si la garantie casse\/vol a \u00e9t\u00e9 souscrite, vous \u00eates prot\u00e9g\u00e9 contre la casse, qu\u2019elle soit partielle ou totale, le vol par agression, par effraction ou lorsque le v\u00e9lo est attach\u00e9 \u00e0 un point fixe. Une franchise de 10% de la facture de r\u00e9paration avec un minimum de 10\u20ac restera \u00e0 votre charge en cas de &hellip;\" \/>\n<meta property=\"og:url\" content=\"https:\/\/lamaisonduveloancelle.fr\/?page_id=1010\" \/>\n<meta property=\"og:site_name\" content=\"La Maison du V\u00e9lo Ancelle\" \/>\n<meta property=\"article:publisher\" content=\"https:\/\/www.facebook.com\/lamaisonduveloancelle\" \/>\n<meta property=\"article:modified_time\" content=\"2022-04-10T13:10:39+00:00\" \/>\n<meta name=\"twitter:card\" content=\"summary_large_image\" \/>\n<meta name=\"twitter:label1\" content=\"Dur\u00e9e de lecture estim\u00e9e\" \/>\n\t<meta name=\"twitter:data1\" content=\"7 minutes\" \/>\n<script type=\"application\/ld+json\" class=\"yoast-schema-graph\">{\"@context\":\"https:\/\/schema.org\",\"@graph\":[{\"@type\":\"WebPage\",\"@id\":\"https:\/\/lamaisonduveloancelle.fr\/?page_id=1010\",\"url\":\"https:\/\/lamaisonduveloancelle.fr\/?page_id=1010\",\"name\":\"Garantie Casse et Vol - La Maison du V\u00e9lo Ancelle\",\"isPartOf\":{\"@id\":\"https:\/\/lamaisonduveloancelle.fr\/#website\"},\"datePublished\":\"2022-04-10T13:10:38+00:00\",\"dateModified\":\"2022-04-10T13:10:39+00:00\",\"breadcrumb\":{\"@id\":\"https:\/\/lamaisonduveloancelle.fr\/?page_id=1010#breadcrumb\"},\"inLanguage\":\"fr-FR\",\"potentialAction\":[{\"@type\":\"ReadAction\",\"target\":[\"https:\/\/lamaisonduveloancelle.fr\/?page_id=1010\"]}]},{\"@type\":\"BreadcrumbList\",\"@id\":\"https:\/\/lamaisonduveloancelle.fr\/?page_id=1010#breadcrumb\",\"itemListElement\":[{\"@type\":\"ListItem\",\"position\":1,\"name\":\"Accueil\",\"item\":\"https:\/\/lamaisonduveloancelle.fr\/\"},{\"@type\":\"ListItem\",\"position\":2,\"name\":\"Garantie Casse et Vol\"}]},{\"@type\":\"WebSite\",\"@id\":\"https:\/\/lamaisonduveloancelle.fr\/#website\",\"url\":\"https:\/\/lamaisonduveloancelle.fr\/\",\"name\":\"Maison du V\u00e9lo Ancelle\",\"description\":\"Votre prochaine aventure \u00e0 v\u00e9lo \u00e0 Ancelle et dans le Champsaur commence ici\",\"publisher\":{\"@id\":\"https:\/\/lamaisonduveloancelle.fr\/#organization\"},\"potentialAction\":[{\"@type\":\"SearchAction\",\"target\":{\"@type\":\"EntryPoint\",\"urlTemplate\":\"https:\/\/lamaisonduveloancelle.fr\/?s={search_term_string}\"},\"query-input\":{\"@type\":\"PropertyValueSpecification\",\"valueRequired\":true,\"valueName\":\"search_term_string\"}}],\"inLanguage\":\"fr-FR\"},{\"@type\":\"Organization\",\"@id\":\"https:\/\/lamaisonduveloancelle.fr\/#organization\",\"name\":\"SARL La Maison du V\u00e9lo Ancelle\",\"url\":\"https:\/\/lamaisonduveloancelle.fr\/\",\"logo\":{\"@type\":\"ImageObject\",\"inLanguage\":\"fr-FR\",\"@id\":\"https:\/\/lamaisonduveloancelle.fr\/#\/schema\/logo\/image\/\",\"url\":\"https:\/\/lamaisonduveloancelle.fr\/wp-content\/uploads\/2021\/05\/cropped-Logo-150x150-1.png\",\"contentUrl\":\"https:\/\/lamaisonduveloancelle.fr\/wp-content\/uploads\/2021\/05\/cropped-Logo-150x150-1.png\",\"width\":157,\"height\":74,\"caption\":\"SARL La Maison du V\u00e9lo Ancelle\"},\"image\":{\"@id\":\"https:\/\/lamaisonduveloancelle.fr\/#\/schema\/logo\/image\/\"},\"sameAs\":[\"https:\/\/www.facebook.com\/lamaisonduveloancelle\",\"https:\/\/www.instagram.com\/lamaisonduveloancelle\/?hl=fr\",\"https:\/\/www.youtube.com\/channel\/UCH9oQZic0FxCaiKpNzt1Xvg\"]}]}<\/script>\n<!-- \/ Yoast SEO plugin. -->","yoast_head_json":{"title":"Garantie Casse et Vol - La Maison du V\u00e9lo Ancelle","robots":{"index":"index","follow":"follow","max-snippet":"max-snippet:-1","max-image-preview":"max-image-preview:large","max-video-preview":"max-video-preview:-1"},"canonical":"https:\/\/lamaisonduveloancelle.fr\/?page_id=1010","og_locale":"fr_FR","og_type":"article","og_title":"Garantie Casse et Vol - La Maison du V\u00e9lo Ancelle","og_description":"Si la garantie casse\/vol a \u00e9t\u00e9 souscrite, vous \u00eates prot\u00e9g\u00e9 contre la casse, qu\u2019elle soit partielle ou totale, le vol par agression, par effraction ou lorsque le v\u00e9lo est attach\u00e9 \u00e0 un point fixe. Une franchise de 10% de la facture de r\u00e9paration avec un minimum de 10\u20ac restera \u00e0 votre charge en cas de &hellip;","og_url":"https:\/\/lamaisonduveloancelle.fr\/?page_id=1010","og_site_name":"La Maison du V\u00e9lo Ancelle","article_publisher":"https:\/\/www.facebook.com\/lamaisonduveloancelle","article_modified_time":"2022-04-10T13:10:39+00:00","twitter_card":"summary_large_image","twitter_misc":{"Dur\u00e9e de lecture estim\u00e9e":"7 minutes"},"schema":{"@context":"https:\/\/schema.org","@graph":[{"@type":"WebPage","@id":"https:\/\/lamaisonduveloancelle.fr\/?page_id=1010","url":"https:\/\/lamaisonduveloancelle.fr\/?page_id=1010","name":"Garantie Casse et Vol - La Maison du V\u00e9lo Ancelle","isPartOf":{"@id":"https:\/\/lamaisonduveloancelle.fr\/#website"},"datePublished":"2022-04-10T13:10:38+00:00","dateModified":"2022-04-10T13:10:39+00:00","breadcrumb":{"@id":"https:\/\/lamaisonduveloancelle.fr\/?page_id=1010#breadcrumb"},"inLanguage":"fr-FR","potentialAction":[{"@type":"ReadAction","target":["https:\/\/lamaisonduveloancelle.fr\/?page_id=1010"]}]},{"@type":"BreadcrumbList","@id":"https:\/\/lamaisonduveloancelle.fr\/?page_id=1010#breadcrumb","itemListElement":[{"@type":"ListItem","position":1,"name":"Accueil","item":"https:\/\/lamaisonduveloancelle.fr\/"},{"@type":"ListItem","position":2,"name":"Garantie Casse et Vol"}]},{"@type":"WebSite","@id":"https:\/\/lamaisonduveloancelle.fr\/#website","url":"https:\/\/lamaisonduveloancelle.fr\/","name":"Maison du V\u00e9lo Ancelle","description":"Votre prochaine aventure \u00e0 v\u00e9lo \u00e0 Ancelle et dans le Champsaur commence ici","publisher":{"@id":"https:\/\/lamaisonduveloancelle.fr\/#organization"},"potentialAction":[{"@type":"SearchAction","target":{"@type":"EntryPoint","urlTemplate":"https:\/\/lamaisonduveloancelle.fr\/?s={search_term_string}"},"query-input":{"@type":"PropertyValueSpecification","valueRequired":true,"valueName":"search_term_string"}}],"inLanguage":"fr-FR"},{"@type":"Organization","@id":"https:\/\/lamaisonduveloancelle.fr\/#organization","name":"SARL La Maison du V\u00e9lo Ancelle","url":"https:\/\/lamaisonduveloancelle.fr\/","logo":{"@type":"ImageObject","inLanguage":"fr-FR","@id":"https:\/\/lamaisonduveloancelle.fr\/#\/schema\/logo\/image\/","url":"https:\/\/lamaisonduveloancelle.fr\/wp-content\/uploads\/2021\/05\/cropped-Logo-150x150-1.png","contentUrl":"https:\/\/lamaisonduveloancelle.fr\/wp-content\/uploads\/2021\/05\/cropped-Logo-150x150-1.png","width":157,"height":74,"caption":"SARL La Maison du V\u00e9lo Ancelle"},"image":{"@id":"https:\/\/lamaisonduveloancelle.fr\/#\/schema\/logo\/image\/"},"sameAs":["https:\/\/www.facebook.com\/lamaisonduveloancelle","https:\/\/www.instagram.com\/lamaisonduveloancelle\/?hl=fr","https:\/\/www.youtube.com\/channel\/UCH9oQZic0FxCaiKpNzt1Xvg"]}]}},"_links":{"self":[{"href":"https:\/\/lamaisonduveloancelle.fr\/index.php?rest_route=\/wp\/v2\/pages\/1010","targetHints":{"allow":["GET"]}}],"collection":[{"href":"https:\/\/lamaisonduveloancelle.fr\/index.php?rest_route=\/wp\/v2\/pages"}],"about":[{"href":"https:\/\/lamaisonduveloancelle.fr\/index.php?rest_route=\/wp\/v2\/types\/page"}],"author":[{"embeddable":true,"href":"https:\/\/lamaisonduveloancelle.fr\/index.php?rest_route=\/wp\/v2\/users\/1"}],"replies":[{"embeddable":true,"href":"https:\/\/lamaisonduveloancelle.fr\/index.php?rest_route=%2Fwp%2Fv2%2Fcomments&post=1010"}],"version-history":[{"count":1,"href":"https:\/\/lamaisonduveloancelle.fr\/index.php?rest_route=\/wp\/v2\/pages\/1010\/revisions"}],"predecessor-version":[{"id":1011,"href":"https:\/\/lamaisonduveloancelle.fr\/index.php?rest_route=\/wp\/v2\/pages\/1010\/revisions\/1011"}],"wp:attachment":[{"href":"https:\/\/lamaisonduveloancelle.fr\/index.php?rest_route=%2Fwp%2Fv2%2Fmedia&parent=1010"}],"curies":[{"name":"wp","href":"https:\/\/api.w.org\/{rel}","templated":true}]}}